e
Suppose 5*i = 3*i - 34. Let h be 2 + ((-2)/(-1) - i). Suppose -9 = -3*c + h. Is c a composite number?
True
Let g = 1 + 3. Suppose 0 = -4*w + 3*k + 302, -k = -g*w - 6*k + 318. Is w prime?
False
Let f be (-8)/((4 + -3)*-2). Let x be 18/f*4/6. Suppose 0 = 5*k - x*k - 78. Is k a prime number?
False
Let x(p) = -p**2 - 2*p + 4. Let q be x(-3). Let v(r) = r + 12 + q + 20. Is v(0) composite?
True
Let z = -266 - -393. Let r = -44 + z. Is r composite?
False
Let y(w) be the third derivative of -w**6/40 + w**4/24 + w**3/6 - w**2. Is y(-3) a prime number?
True
Let g(r) = 23*r**2 - r + 7. Is g(-5) prime?
True
Let x be 3/(((-20)/(-2236))/5). Suppose 0 = -4*j + 2*w + 1344, 5*j + w - 2*w = x. Is j composite?
True
Suppose 9*x - 2*x = 11179. Is x composite?
False
Let x be (-51)/34 + (-558)/(-4). Let b = 249 - x. Is b a prime number?
False
Suppose 3*t = 5*t - 82. Let h be (-1 + 2 + -8)*1. Let g = t + h. Is g prime?
False
Suppose 4*f + g - 24 = 0, 2*f + g = 3*g + 2. Suppose -1781 = -f*i + 284. Suppose -3*y + 2*y + s + 79 = 0, 0 = -5*y - s + i. Is y a composite number?
True
Let w(x) = -12*x**3 + x**2 - x - 3. Is w(-4) prime?
False
Let z = 130 - -79. Is z a prime number?
False
Let w(o) = -11*o**2 + o - 2. Let s be w(1). Is 1*4/(s/(-2229)) composite?
False
Let y(t) = -16*t - 5. Let f(a) = -1. Let v(l) = -4*f(l) + y(l). Let i be v(-1). Suppose -5*c - 3*d = -4*c - i, 4*c + 3*d - 24 = 0. Is c a prime number?
True
Suppose l - 10 = -0*l. Let w(a) = -36 + 16*a + 96 - 31 - 32. Is w(l) prime?
True
Suppose -3*k - 2*k = -60. Let l be 3/2*64/k. Suppose 2*m - l = 10. Is m a composite number?
True
Suppose -4*m = 20, -2*m = 4*c + c - 860. Let q = 243 - c. Is q a prime number?
False
Is (34/7)/((-11)/(-77)) a composite number?
True
Let v(k) = -k - 7. Let l be v(-9). Let f(d) = 18*d**2 - 2*d - 1. Is f(l) a prime number?
True
Suppose -3*i = -1237 - 464. Is i/5 - 6/15 a prime number?
True
Suppose 0 = 11*r - 8206 - 7216. Is r a composite number?
True
Suppose -20 = 5*o, 4*o + 11366 = 5*y - 13845. Is y a prime number?
True
Suppose 1212 = 6*x - 2*x. Is x a composite number?
True
Is 550 + ((-3)/6*-10 - 2) a prime number?
False
Suppose 4*b = 543 + 101. Is b a composite number?
True
Suppose 4*r - 4 = q, 3 = 3*r - 0*q - 3*q. Let d(v) = -v - 2 + r - 5*v. Is d(-6) a prime number?
False
Suppose 3*i - 14 = 5*m, 0 = 6*i - 2*i + 3*m - 9. Suppose -2 - 1 = i*n. Let x(d) = -88*d**3 + d**2. Is x(n) a prime number?
True
Suppose 7*a = 5*a + 94. Is a a composite number?
False
Suppose 3*x + 3*x - 1146 = 0. Is x a prime number?
True
Let z(u) = 21*u**2 - 22*u + 2. Is z(-9) prime?
True
Suppose 4*m - 696 = -128. Is m composite?
True
Let o = 2 - 0. Suppose -o*c = 2*k - 5*c - 1406, 5*k - 2*c = 3537. Is k prime?
True
Let y(c) = c**2 - 4*c. Let s be y(5). Suppose -5*d = t - 2 - 17, -s*d = 2*t - 18. Suppose d*j - 39 = j. Is j a prime number?
True
Let n be -7*(1 + (-3 - -3)). Let l = n + 7. Let z(j) = j**3 + j + 49. Is z(l) a prime number?
False
Let a(z) = -4 + 0*z + 3 - 5*z. Let g(w) = -w**2 + 2*w. Let o be g(3). Is a(o) a prime number?
False
Suppose v + q = 11, 73 = 2*v + v - 5*q. Let c = v + 43. Is c composite?
False
Suppose 0 = 2*i + 2*i - 2*l + 26, -5*l = -4*i - 35. Let u(d) = -d + 2. Let x be u(i). Suppose -5*j + 89 = 3*v, 3*v - j + 130 = x*v. Is v prime?
False
Suppose -5*d - 2*f - 1924 = 0, -4*f + 3*f + 1161 = -3*d. Let s = d + 817. Is s prime?
True
Suppose 59 = 2*t + 21. Suppose 96 = v + t. Is v a prime number?
False
Suppose -i + 5*i = -5*s - 524, -3*i + 4*s - 393 = 0. Let j = -76 - i. Is j prime?
False
Let i = -5 - -9. Suppose j - 10 - 29 = -o, i = -j. Is o a composite number?
False
Let d = 66 + 8. Is d a prime number?
False
Let y(x) = 106*x - 17. Is y(4) a prime number?
False
Suppose 0 = -4*z - 2*k + 180, -5*k - 6 = -3*z + 116. Let x(g) = g**3 + 4*g**2 - 2*g - 6. Let n be x(-4). Suppose n*u + z = 222. Is u prime?
True
Suppose -2*k = -3*w - w + 22, -10 = -2*w + 2*k. Suppose -3*s + w = -0*s. Is s a prime number?
True
Suppose 0 = -5*l - s + 661, -3*l - s + 4*s = -411. Is l a prime number?
False
Is (1659 - 0)*4/12 a composite number?
True
Let w be (-4)/18 - 2054/(-9). Suppose 4*o + 196 = 4*z, -4*z + 0*z - 4*o + w = 0. Is z a composite number?
False
Let n = 46 + -8. Let b = n - 5. Is b prime?
False
Let g be (9/(-12))/((-2)/48). Suppose 3*k + 7 = 22. Suppose -2*x + x = 3*v - g, 190 = 5*x - k*v. Is x a composite number?
True
Let s be (-4)/((-8)/270) - 0. Let m = -28 - -9. Is (m/3)/((-9)/s) composite?
True
Let p(x) = -4*x - 1. Is p(-8) a composite number?
False
Let h(n) = -2*n**3 - 2*n**2 - 2*n - 1. Let s = -13 - -19. Suppose -3 + 5 = b + 2*l, 2*l = b + s. Is h(b) a composite number?
False
Let i be (-15)/10*1*-36. Let t = 143 - i. Is t prime?
True
Suppose -5*d - 78 = -x, 248 = 2*x + 2*x - 4*d. Is x prime?
False
Suppose -5*j - 5818 = -3*m, 0 = 2*m - 5*m + 3*j + 5808. Is m composite?
False
Let u(r) = -4 + 2 - 4 + 26*r + 5. Let w be u(3). Suppose 5*g - 455 = -4*p, 3*g - 2*g - 2*p = w. Is g composite?
True
Suppose 0*t + 3*t = 84. Let a = 49 + t. Is a a composite number?
True
Let k(s) = -2*s**3 - 2*s**2 + 6*s - 5. Is k(-6) prime?
False
Let x(b) = -b**3 + 3*b**2 - 10. Let c be x(7). Let d = -97 - c. Is d composite?
False
Let k = 2048 + -1125. Let j = k - 240. Is j a prime number?
True
Suppose p + 3*x - 1079 = 3, -5*p + 5315 = -4*x. Is p a prime number?
False
Suppose i = -2*i + 18. Suppose -i*b = -4*b. Suppose b = c - 18 - 13. Is c composite?
False
Suppose 3*m = 3 - 9. Let b(o) = 36*o**2 + 1. Is b(m) prime?
False
Suppose 0*l = 3*l - 5*g - 2, -2*g - 5 = 3*l. Let r(v) = -68*v + 1. Is r(l) composite?
True
Let o be ((-2)/4)/(3/6). Let n = o - -3. Suppose 65 = 2*z - 3*j, -z - n*j = -23 - 20. Is z prime?
True
Let z = -3 - -7. Let k be (-6)/z*(0 - 2). Is 158/k - 2/(-6) prime?
True
Let u = -12 + 16. Suppose 0*q + 2*q - u*z - 154 = 0, 0 = 5*q + 4*z - 399. Is q a composite number?
False
Let y be (-2 - 36/(-21))*-14. Suppose -4*c = 2*a - 278, -a = -3*c + y*a + 176. Is c a composite number?
False
Suppose 5*z - 5*p - 376 = 929, -3*z - p + 799 = 0. Is z a composite number?
True
Let g = -92 + 65. Let m be -15*((-64)/20 - -4). Is (-1 + g/m)*92 a composite number?
True
Suppose 2 + 0 = -2*l, 0 = d - 3*l - 7. Suppose 8 = -4*n, -d*b - 2*n = -0*b - 264. Is b prime?
True
Is 2/3 + 4056/18 composite?
True
Let s(r) = 21*r**2 - 7*r + 7. Is s(5) a prime number?
False
Suppose 15*i + 2654 = 21089. Is i composite?
False
Let w be 0 + 2/(8/12). Let g be (-1)/(-2) + 27/6. Suppose 0 = -10*p + 5*p - g*c + 575, 4*c - 341 = -w*p. Is p a prime number?
False
Is 491 + (-1 + 1)/(-4) a composite number?
False
Let y be (1/2)/(1/(-4)). Let z be y + 4 - 2*16. Let s = z + 67. Is s a prime number?
True
Let k = 8 + -4. Let x = -2 + k. Suppose -x*g = g - 147. Is g a composite number?
True
Let s = 10 + -10. Is (-2 + -13 + s)*-1 a prime number?
False
Suppose 6 + 4 = 5*o, -o = 4*g - 4998. Is g composite?
False
Let i = 518 + -361. Is i prime?
True
Suppose 4*n + 18 = 7*n. Is n + 33 + 0/(-2) composite?
True
Let d(x) = 7*x**2 + 2*x - 7. Suppose -m = 11 - 7. Is d(m) prime?
True
Suppose -68*r + 67*r = -841. Is r a composite number?
True
Let r = -255 - -446. Is r a prime number?
True
Let k be 2/(-7) - 25/35. Is 1060/8 - k/2 prime?
False
Let s(t) = -3*t**3 + 2*t**2 + t + 3. Is s(-4) a composite number?
False
Let g be 6/21 - (-284)/(-14). Let w be g/(-6)*(-48)/(-5). Let k = -19 + w. Is k a prime number?
True
Let x(d) = -2*d - 9. Let b be x(-8). Is -6*3/((-6)/b) a prime number?
False
Let y(u) = 2*u**2 - 26*u - 17. Is y(21) a composite number?
True
Suppose -15*x - 8516 = -19*x. Is x a prime number?
True
Let q(x) = x**3 - 6*x + 2. Let v be 4 - (-2 - 1/(-1)). Is q(v) prime?
True
Is (-2 - (-5 + 1)) + 3491 prime?
False
Let a(w) = w**2 + 4*w + 3. Let n be a(-3). Suppose 3*i + n*i - 159 = 0. Is i composite?
False
Suppose -2*m - y = -3*m + 246, -5*y + 1280 = 5*m. Is m prime?
True
Suppose 0 = 5*y + 6*k - 2*k - 3871, -k = -4*y + 3080. Is y a composite number?
True
Suppose -5*s + 1 + 76 = j, 4*s + 308 = 4*j. Is j a composite number?
True
Is 4/(-6)*(-124 - -1) a prime number?
False
Let v(l) = 2 - 1 - 6 + 3*l. Is v(10) prime?
False
Let r(o) = 4*o**3 + 5*o**2 - 4*o + 2. Let y be r(4). Suppose 0 = a + a - y. Is a a composite number?
True
Suppose -s + 78 = -551. Let i = -396 + s. Is i prime?